{"id":268,"date":"2019-10-28T14:07:32","date_gmt":"2019-10-28T17:07:32","guid":{"rendered":"http:\/\/eetn1.edu.ar\/?page_id=268"},"modified":"2020-04-03T20:47:25","modified_gmt":"2020-04-03T23:47:25","slug":"comunicaciones-de-educacion-fisica","status":"publish","type":"page","link":"https:\/\/eetn1.edu.ar\/?page_id=268","title":{"rendered":"Comunicaciones Padres, Alumnos Docentes"},"content":{"rendered":"\n<p>Comunicaciones a los Docentes <a href=\"https:\/\/t.me\/s\/eestn1mdp\">aqu\u00ed<\/a><\/p>\n\n\n\n<p>Comunicacines a los Padres y Alumnos <a href=\"https:\/\/t.me\/s\/eest1\">aqu\u00ed<\/a><\/p>\n\n\n\n<p>Acceda a las modificaci\u00f3n en el cronograma de Educaci\u00f3n F\u00edsica  <a href=\"https:\/\/t.me\/s\/eestn1EF\">aqu\u00ed<\/a><\/p>\n","protected":false},"excerpt":{"rendered":"<p>Comunicaciones a los Docentes aqu\u00ed Comunicacines a los Padres y Alumnos aqu\u00ed Acceda a las modificaci\u00f3n en el cronograma de Educaci\u00f3n F\u00edsica aqu\u00ed<\/p>\n","protected":false},"author":1,"featured_media":0,"parent":77,"menu_order":0,"comment_status":"closed","ping_status":"closed","template":"","meta":{"om_disable_all_campaigns":false,"_monsterinsights_skip_tracking":false,"_monsterinsights_sitenote_active":false,"_monsterinsights_sitenote_note":"","_monsterinsights_sitenote_category":0,"footnotes":""},"class_list":["post-268","page","type-page","status-publish","hentry"],"aioseo_notices":[],"jetpack_sharing_enabled":true,"_links":{"self":[{"href":"https:\/\/eetn1.edu.ar\/index.php?rest_route=\/wp\/v2\/pages\/268","targetHints":{"allow":["GET"]}}],"collection":[{"href":"https:\/\/eetn1.edu.ar\/index.php?rest_route=\/wp\/v2\/pages"}],"about":[{"href":"https:\/\/eetn1.edu.ar\/index.php?rest_route=\/wp\/v2\/types\/page"}],"author":[{"embeddable":true,"href":"https:\/\/eetn1.edu.ar\/index.php?rest_route=\/wp\/v2\/users\/1"}],"replies":[{"embeddable":true,"href":"https:\/\/eetn1.edu.ar\/index.php?rest_route=%2Fwp%2Fv2%2Fcomments&post=268"}],"version-history":[{"count":10,"href":"https:\/\/eetn1.edu.ar\/index.php?rest_route=\/wp\/v2\/pages\/268\/revisions"}],"predecessor-version":[{"id":602,"href":"https:\/\/eetn1.edu.ar\/index.php?rest_route=\/wp\/v2\/pages\/268\/revisions\/602"}],"up":[{"embeddable":true,"href":"https:\/\/eetn1.edu.ar\/index.php?rest_route=\/wp\/v2\/pages\/77"}],"wp:attachment":[{"href":"https:\/\/eetn1.edu.ar\/index.php?rest_route=%2Fwp%2Fv2%2Fmedia&parent=268"}],"curies":[{"name":"wp","href":"https:\/\/api.w.org\/{rel}","templated":true}]}}